2/(-8))*-6. Let t(c) = -12*c - 2. What is the units digit of t(x)?
4
Let g be ((-80)/(-12))/(-5)*-21. Suppose -o + g = -28. What is the tens digit of o?
5
Suppose -4*p + 3*p = -1. Suppose 2*n + p - 5 = 0, 5*s - 1499 = -2*n. What is the tens digit of s?
9
Let r be (0/1)/(4 + -2). Suppose -5*g + 5*m + 20 = r, 0 = 5*m + 17 - 2. Suppose -3*a + 2*a + 19 = 3*t, -t = g. What is the tens digit of a?
2
Let r(p) = -5*p + 14. Let t be r(6). What is the units digit of (0 + -4)*164/t?
1
Suppose -2*r + 1832 = 3*n - r, -3*n + 5*r = -1838. What is the hundreds digit of n?
6
Let h = 3752 + -2592. What is the thousands digit of h?
1
Suppose 0 = -3*c - 5*t + 448, -2*c - t = 4*t - 297. What is the units digit of c?
1
Suppose 4*t = 3*j + 808, 5*t = 4*j + 395 + 614. What is the hundreds digit of t?
2
Suppose -5*b - 20 = 2*c - 0, -c = 5*b + 15. Let j(v) = -32*v - 1. Let l be j(b). Let r = l + -38. What is the units digit of r?
5
Suppose -2*d - 3*a + 400 = 0, -2*a - 200 = -d - a. What is the units digit of d?
0
Let b = 294 + 514. Suppose x = 4*a + 135, 5*x + 4*a = b - 133. What is the hundreds digit of x?
1
Let b(m) be the third derivative of m**5/60 + 5*m**4/12 + 13*m**3/6 + m**2. Let v be -12 - -16 - 15*(1 + 0). What is the tens digit of b(v)?
2
Suppose 21*s = 25*s - 4*v - 1404, 3*s - 5*v - 1055 = 0. What is the hundreds digit of s?
3
What is the hundreds digit of 3/(-4) - (5 + (-63777)/12)?
3
Suppose 57*k - 90990 = 12*k. What is the thousands digit of k?
2
Suppose -24*a = -14*a - 1860. What is the hundreds digit of a?
1
Suppose 0 = 5*v - c - 548 - 214, 3*v - 464 = 4*c. What is the tens digit of v?
5
Let f(r) = r**3 - 7*r**2 - 4*r - 5. Let u be f(8). Suppose -2*m - 17 = -u. Suppose -m*d = 2*a - 99, 0 = 3*a + d + 2*d - 171. What is the tens digit of a?
6
Let n(m) = 3*m**2 + 29*m - 511. What is the tens digit of n(35)?
7
Suppose -4*l + 6*l = 0. Suppose -5*w + 76 + 64 = l. Suppose q - 5*s = -2*s + w, -4*q - 5*s = -27. What is the tens digit of q?
1
Let d(w) = -w**2 - 5*w - 1. Let k be d(-5). Let u be k + 4 + 1 - 11. Let t(s) = -s**3 - 5*s**2 + 9*s + 9. What is the tens digit of t(u)?
4
Suppose 10616 = 2*o + 3*y, -3*o - 10614 = -5*o - 4*y. What is the hundreds digit of o?
3
Let k = -7 + 11. Suppose k*z + 2 = 22. Suppose -b + z = -0*b. What is the units digit of b?
5
What is the hundreds digit of -1 - (32/48 + (-10238)/3)?
4
Suppose -6*y - 2*y + 72 = 0. Let d be 193 + (-2)/(-2) + -2. What is the tens digit of d/9 - (-6)/y?
2
Let k(x) = x**2 - 4*x. Let y be k(3). Let d(h) = -h**3 - 2*h**2 - 4. Let j be d(y). Let l = j + 0. What is the units digit of l?
5
Let q(k) = 200*k**3 - 2*k**2 - k + 2. Let d be q(1). Let u = d - 69. What is the units digit of u?
0
Let k = -471 + 1054. What is the units digit of k?
3
Suppose 7*r = 43*r - 48132. What is the hundreds digit of r?
3
Suppose 0 = -0*d - 8*d + 3208. What is the units digit of d?
1
Suppose 2*h = -2*w + 806, 0 = -2*h + 7 + 1. What is the tens digit of w?
9
Let a be (-61 + 6/3)/1*-1. Let w = a + -14. What is the tens digit of w?
4
Let f(h) = -7*h**3 + 10*h**2 - 10*h - 2. What is the units digit of f(-4)?
6
Let p(z) = 4*z**2 - 18*z - 6. Let h(c) = 2*c + 31. Let m be h(-12). What is the units digit of p(m)?
4
Let o(c) = 56*c + 82. What is the thousands digit of o(31)?
1
What is the hundreds digit of 102/(-187) - 336912/(-88)?
8
Suppose -3*b + 4*r - 3*r = -2015, -3*b = -3*r - 2019. What is the tens digit of b?
7
Suppose -33*q + 38*q = -3*c + 6591, c + 2632 = 2*q. What is the hundreds digit of q?
3
Suppose -5*a - 2*y = -1531, 4*a - 5*a + 313 = -3*y. What is the tens digit of a?
0
What is the hundreds digit of (-41)/((-369)/(-6)) - (-7349)/3?
4
Let p = 524 - 191. What is the units digit of p?
3
What is the hundreds digit of 1/3 - 59238/(-162)?
3
Let o = -183 + 236. What is the tens digit of o?
5
Let y be 46/7 - (-3)/7. Let u(s) = -s**3 + 7*s**2 - 8*s - 7. Let i be u(y). What is the tens digit of 3/6 + i/(-2)?
3
Let l = 6 - 4. Suppose -4*i + 3*m + 8 = 0, -4*i - l*m + 5 + 3 = 0. What is the tens digit of ((-42)/8)/(i/(-16))?
4
Let k(m) = -8*m**2 + m + 5*m**2 - 2*m**2 + 6*m**2 + 5. Let c = 3 + -9. What is the units digit of k(c)?
5
Let l(w) = -w**2 + 23*w + 51. Let x be l(25). Let o = x - -8. What is the units digit of o?
9
Let c(m) = 12*m**2 + 2*m + 75. What is the units digit of c(-11)?
5
Let j be 4/(1/3*4). Let w be 2/j - (-1072)/12. Suppose -2*i - 4*d + 7*d = -w, -5*i + 225 = -d. What is the units digit of i?
5
Suppose q + 5*z = 19, -5*q + 3*z = -12 + 1. Suppose -3*l + 5 = -q. Suppose 0 = l*o - 8 - 19. What is the units digit of o?
9
Suppose 6*u = 9*u + 5*k - 6064, u - 4*k = 2044. What is the tens digit of u?
2
Suppose -3*g - 317 + 104 = 0. Suppose -2*h = -79 - 139. Let f = g + h. What is the units digit of f?
8
Let o(w) = 105*w - 177. What is the hundreds digit of o(30)?
9
Let m(i) = -2*i**3 + 4*i + 7. Let j be (90/(-75))/((-2)/(-5)). What is the tens digit of m(j)?
4
Let v = -90 - -95. Let f = -168 - -467. Suppose v*l - f = -4*x, l - 3 + 0 = 0. What is the units digit of x?
1
Let d(o) be the second derivative of o**5/20 - o**4/6 + 2*o**3/3 - 3*o**2/2 + 11*o. What is the tens digit of d(4)?
4
Suppose 0 = -10*b - 324 - 466. Let q = b + 160. What is the units digit of q?
1
Suppose -123*f + 115*f = -6344. What is the hundreds digit of f?
7
Let s be ((-33)/(-44))/(1/20). Let z = s - 17. What is the units digit of (5/4)/(z/(-40))?
5
Suppose 6*q - 676 = 2*q. Suppose -3*l = f - q, 2*f - 164 = -3*l - 0*f. What is the units digit of l?
8
Let b be 4/(-10) + (-36)/(-15). Let u(m) = -m**3 + 2*m**2 + m - 2. Let p be u(b). Suppose -4*g = -p*g - 80. What is the units digit of g?
0
Suppose -9*i = -3*i - 3300. What is the hundreds digit of i?
5
Let o(w) be the third derivative of -w**5/60 + w**4/6 + w**3/6 + 3*w**2. Let u be o(3). Let r(z) = 2*z**2 - 4*z - 3. What is the tens digit of r(u)?
1
Suppose 4465 - 713 = 7*f. What is the units digit of f?
6
Let y(l) = -5*l**2 + 18*l + 4. Let m(k) = -k**2 + k. Let p(v) = 6*m(v) - y(v). Suppose 6*z = z - o - 54, 3*o - 36 = 3*z. What is the units digit of p(z)?
7
What is the thousands digit of (7 - 2) + 1804 + -2?
1
Let r be -1*(1 + -3 + -129). Suppose 5*j + 5*o - 195 + 20 = 0, 4*j + o = r. Suppose -60 = 2*g - 6*g + b, -b = -2*g + j. What is the units digit of g?
4
Let p(z) = z**3 + 28*z**2 + 15*z + 12. Let v be p(-16). Suppose -v + 1044 = -18*i. What is the hundreds digit of i?
1
Suppose -z - 1 = -7. Let n(a) = 4*a**3 + 5*a**2 - 2*a**3 + 5 + 7*a - 3*a**3. What is the tens digit of n(z)?
1
Let y(n) = 3*n + 1 + 4*n + 0. Let w be y(1). Suppose -11*j = -7*j - w. What is the units digit of j?
2
Suppose 4 = -c - 184. Let q = c + 130. Let a = q + 81. What is the tens digit of a?
2
Let s be (-8)/(-3)*162/(-8). What is the tens digit of (-6522)/s - (-4)/18?
2
Suppose 0 = -i - 4*r + 10, 16 + 66 = 4*i + 2*r. Let w = i + -16. Suppose 3*k - 51 = -w. What is the units digit of k?
5
Suppose 0 = 44*n - 47*n - 3, 2426 = 4*p + 2*n. What is the hundreds digit of p?
6
Suppose f = 14*f + 1287. Let x = f - -167. What is the units digit of x?
8
Suppose 11*a + 6108 = 14*a. What is the tens digit of a?
3
Suppose -4*a = -9 + 1. Suppose -a*r + 36 = 22. What is the units digit of r?
7
Suppose -46658 = -48*j + 7*j. What is the units digit of j?
8
Let l = -156 - -333. Suppose -5*x + 4*g + 1195 = 0, 553 = 3*x - 5*g - l. What is the units digit of x?
5
Suppose 3362 = c - 8*q + 7*q, -2*c - 2*q = -6712. What is the thousands digit of c?
3
Let q = -23 - -13. Let j be q/(-20) + 3/2. Suppose 18 = j*c - 16. What is the tens digit of c?
1
Let x be 1/((-4 + 7)/222). What is the tens digit of x*4*4/32?
3
Suppose -5*x + 2 = -3, -j = -2*x - 149. What is the tens digit of j?
5
Let n(x) = -2*x**3 - 19*x**2 + 15*x - 14. What is the tens digit of n(-11)?
8
Let n = -297 - -752. What is the hundreds digit of n?
4
Suppose -3*v - 3 = -c - 6*v, -3*c - 7 = v. What is the units digit of -5*c/45*51?
7
Suppose -4*o = d - 9*o - 322, -674 = -2*d - 5*o. What is the tens digit of d?
3
Let o(l) = -2*l**3 + 18*l**2 + 19*l. What is the hundreds digit of o(9)?
1
Suppose 3*r - 2*k - 3067 = 0, -5*r + 8766 - 3669 = 4*k. What is the thousands digit of r?
1
Suppose 6*z = 15 + 93. What is the tens digit of 12/z - (453/(-9) - -2)?
4
Let s(r) = 4 - 8 + 3*r - 5. Suppose l